)/75).
3, 5
Let p be (2/(-6))/(13/(-78)). Let s(c) = -10*c**p - 21 - 7*c**2 + 18*c**2. What are the prime factors of s(-9)?
2, 3, 5
Suppose 3*g - 16 = 2. Suppose -g*f = 175 - 985. What are the prime factors of f?
3, 5
Let i(a) = -a + 4. Let o be i(8). Suppose 4 = -y + 2*u - 4, 32 = -4*y - 2*u. List the prime factors of (y/(-10))/(o/(-110)).
2, 11
Let x(u) be the third derivative of u**5/60 - 3*u**3/2 - 5*u**2. List the prime factors of x(8).
5, 11
Suppose 2*f = -0*f - 5*x - 41, 5*f - 5*x = -155. Let h = 36 - f. List the prime factors of h.
2
Suppose -9*o + 84 = -3*o. Suppose 112 = -6*b + o*b. What are the prime factors of b?
2, 7
Let w(m) = -6*m + 24. Let o be w(-14). List the prime factors of 1*(o + 0/(-4)).
2, 3
Let y be (178/4)/(1/2). Let a = y + -57. List the prime factors of a.
2
Let g(o) = -60*o**2 - 7*o - 13 + 115*o**2 - 61*o**2 - o**3. What are the prime factors of g(-7)?
5, 17
Suppose -2*b = -4*b + 8. Suppose -p = b*p - 225. List the prime factors of p.
3, 5
Let r(n) = -2*n**2 - 7*n + 4. Let t be r(-4). Suppose -p + 0*p + 4 = 0. Suppose t = 5*d + w - 235, 2*d - 3*d - p*w + 28 = 0. What are the prime factors of d?
2, 3
Let x(m) = 3*m**3. Let s be x(1). Suppose -2*w = -0*w - p - 52, s*w = -p + 73. List the prime factors of w.
5
Let l be (0 + 56/4)/(3/12). Suppose 2*d - 4*o = d + 51, o = -d + l. List the prime factors of d.
5, 11
Suppose -42 + 638 = r - 5*s, -3*s - 1206 = -2*r. List the prime factors of r.
2, 3, 101
Suppose 5*o + 54 = 554. Let x = 148 + o. List the prime factors of x.
2, 31
Let d(l) = -13*l + 92. What are the prime factors of d(-16)?
2, 3, 5
Let n = 5301 - 3193. What are the prime factors of n?
2, 17, 31
Let i(p) = 10*p + 12. Let q(y) = 20*y + 24. Let a(h) = -7*i(h) + 3*q(h). What are the prime factors of a(-4)?
2, 7
Let n = 35 - 32. Suppose 6*o - o + 306 = 2*a, a - 4*o - 159 = 0. Suppose a = n*c - 34. What are the prime factors of c?
59
Let f = 8379 - 5279. What are the prime factors of f?
2, 5, 31
Let s(n) = -2*n**2 + n**2 + 3*n**2 - n**2 + 6 + 9*n. Let f be s(-10). Suppose -4*j + f = 2*p, 2*p + j - 24 = -p. What are the prime factors of p?
2
Suppose 2*a - 26*a + 3792 = 0. List the prime factors of a.
2, 79
Let k(l) = -l**2 + 9*l - 1. Let r be k(7). Let y = r + -7. Suppose 9 = o - 4*f, -y*f + f = o - 36. What are the prime factors of o?
3, 7
What are the prime factors of 20221/7 + (-128)/(-448)?
3, 107
Suppose -3*o + 3*g = -2*g - 1279, 16 = 4*g. What are the prime factors of o?
433
Suppose 116 - 389 = -w. List the prime factors of w.
3, 7, 13
Let q = -3 - -8. Suppose 0 = -2*v - q*p + 46, -3*v + 5*p = -16 - 28. Suppose 0 = 3*d + 3, -4*y + 2*y = 4*d - v. What are the prime factors of y?
11
Suppose -14 = -4*s + 6. Suppose 5*y = 2*w - 179, s*w - 5*y - 390 = -4*y. List the prime factors of w.
7, 11
What are the prime factors of 13/(2*(-2)/(-116))?
13, 29
List the prime factors of -1 + (-5529)/(-15) + (-10)/(-25).
2, 23
What are the prime factors of 1 - 5/8 - (-3229)/8?
2, 101
Let c(a) = -6*a**3 - 3*a**2 - 8*a + 34. What are the prime factors of c(-8)?
2, 1489
Suppose -3*t + 2*d + 298 = 0, 4*t + d = -4*d + 428. Suppose 3*s + 21 - t = 0. What are the prime factors of s?
3
Let c = 33 + -30. Suppose -c*f - f + 180 = 0. What are the prime factors of f?
3, 5
Let g = -15 + 12. What are the prime factors of (g - -50 - 2) + -3?
2, 3, 7
List the prime factors of (-8)/22 + (-3712653)/(-693).
11, 487
Let k(w) = -w**3 + w**2 + 7*w + 22. What are the prime factors of k(-12)?
2, 5, 181
Let b(g) = -2*g - 14. Let t(o) = -3*o - 21. Let w(h) = 7*b(h) - 5*t(h). List the prime factors of w(5).
2, 3
Let i be (7 - 4) + -8 + 3. List the prime factors of (-7*(39 - 2))/(1 + i).
7, 37
Suppose -5*w + 135 - 30 = -4*s, -2*w = -s - 45. Suppose w = 5*t - 20. Let q = 10 + t. What are the prime factors of q?
19
Let w(b) = -11*b - 8. Suppose 2*c + m + 5 = 0, 5*m + 14 = 5*c - 11. Let a = -4 + c. List the prime factors of w(a).
2, 3
Suppose -4*x - 2*f = -117 - 37, 0 = 4*x + 3*f - 151. Let q = 104 - x. What are the prime factors of q?
2
Let j = -335 - -381. What are the prime factors of j?
2, 23
Suppose -28 = -4*a + 4*p, 3*p = 5*a + 4*p - 41. List the prime factors of (-10)/(-4)*(a + 86).
5, 47
Suppose 14*r + 11*r = 23825. What are the prime factors of r?
953
Let w = 440 + -239. Suppose -5*x = -2*z + 11 - w, 5*z = 0. List the prime factors of x.
2, 19
Let i = 28 - 25. Suppose 5*g - 99 - 39 = -i*w, -4*g = -w + 46. What are the prime factors of w?
2, 23
Suppose 12*x - 15810 = -19*x. What are the prime factors of x?
2, 3, 5, 17
Suppose -2*c - 2*g + 204 = 0, -c = -3*g - g - 97. What are the prime factors of c?
101
Let f(j) = -9*j + 5. Suppose 4*z - 12 = 5*s + 14, 5*z - 20 = 0. List the prime factors of f(s).
23
Let l = -2271 + 4870. List the prime factors of l.
23, 113
Let h(j) = j**2 + 23*j + 31. Let c be h(-24). Let w = 138 - c. What are the prime factors of w?
83
Let o(m) = m**3 - 1. Let y be o(1). Suppose y = 15*q - 10*q - 330. List the prime factors of q.
2, 3, 11
Let j be ((-35)/(-10) + -4)*-6. Suppose j*z - 227 = -0*b + b, 5*z - 375 = 5*b. List the prime factors of z.
2, 19
Suppose 3*v - 1229 = c, -5*v + 1472 = -c - 577. List the prime factors of v.
2, 5, 41
Let w(t) = t**3 - 23*t**2 + 21*t + 25. Let h be w(22). Suppose 5*o - h*o - 174 = 0. What are the prime factors of o?
3, 29
Let v(z) = 3*z**2 - 1. Let y be v(1). Suppose 308 = 2*s + y*s. What are the prime factors of s?
7, 11
Let z(l) = l**2 - 15*l + 45. Let d be z(18). Suppose -2*r - 156 = -4*o, -3*r - 98 - d = -5*o. List the prime factors of o.
37
Let a = -115 + 372. List the prime factors of a.
257
Let h be 72/(-27)*9/(-12). Let l(j) = 3*j**3 + 2*j**2 - 1. What are the prime factors of l(h)?
31
List the prime factors of (340 + -8)/((0 + -1)*-1).
2, 83
Suppose 13*u + 332 - 1983 = 0. What are the prime factors of u?
127
Suppose 0*r - r - 4*h - 24 = 0, -h = 0. List the prime factors of 1764/r*2/(-3).
7
Let o(n) be the first derivative of -n**4/4 - 4*n**3 - 6*n**2 - 7*n - 3. Let l be o(-11). Suppose l*d = 3*d + 28. List the prime factors of d.
2, 7
Let i(o) = o**3 + 3*o**2 - 3*o + 6. Let h be i(-4). Suppose -h*c - b = -12, -2*c - 3*c - b = -36. What are the prime factors of ((-74)/(-8))/(2/c)?
37
Let o = 2328 - 1560. What are the prime factors of o?
2, 3
Let d = -106 + 109. Suppose -2*q = 4*v - 585 - 45, -947 = -d*q - 4*v. List the prime factors of q.
317
Suppose -k + 1 = -r, -3*r - 2*k = -r - 14. Let t be r/(-9)*3 - -4. Suppose -q = -t*q + 66. List the prime factors of q.
3, 11
Let z be (-3)/(((-12)/(-20))/((-12)/15)). Suppose -i + u = -0*i - 47, 204 = 4*i + z*u. What are the prime factors of i?
7
Let q(b) = b**3 - 2*b**2 - b - 1. Suppose -25 = -5*a + 15. Let u be (-27)/(-18)*a/3. List the prime factors of q(u).
3
Suppose 3*d = 9*k - 4*k + 85, -d + 10 = 2*k. Let m = d + 48. What are the prime factors of m?
2, 17
Suppose -38 = -5*v + 2*a + 615, 3*v - 2*a = 391. What are the prime factors of v?
131
Let v = 738 + 86. What are the prime factors of v?
2, 103
Let v = 10 - 14. Let s(h) = 2*h**2 + 4*h. Let z be s(v). Suppose 2*g = -6 + z. What are the prime factors of g?
5
List the prime factors of (-7 + -1 - -9)*1721.
1721
Let u = 784 + -552. What are the prime factors of u?
2, 29
Let k = 2378 + -1381. What are the prime factors of k?
997
Suppose -258 = -7*o + 827. List the prime factors of o.
5, 31
Suppose -4*d - q = 19, -3*q - 6 - 3 = 0. Let u = -6 - -70. What are the prime factors of (-1)/d - (-2480)/u?
3, 13
Let b(v) = 5*v**3 - 2*v**2 + 1. Suppose -3*k = 2*k - 5. Let d be b(k). What are the prime factors of (3 - d) + 3*1?
2
Suppose 5*c + x = 5*x - 665, 2*x = -10. Let k = -96 - c. What are the prime factors of k?
41
Let t(w) = w**2 - 4*w - 20. Let f be t(7). Suppose 11 = -2*v + f, -5*v + 171 = 4*y. What are the prime factors of y?
7
Let p(y) = 17*y**2 + 29*y - 11. What are the prime factors of p(-7)?
619
Suppose -956 = -a - 6*o + 10*o, -961 = -a - o. What are the prime factors of a?
2, 3, 5
What are the prime factors of (150/(-100))/(3/(-820))?
2, 5, 41
Let q = 1675 + -412. What are the prime factors of q?
3, 421
Let o(p) = p**3 + 7*p**2 - 15*p - 9. Let u = 27 - 35. List the prime factors of o(u).
47
Let y(v) = 8*v**2 - 5*v - 1. Let b be y(3). Suppose 86 + b = 2*u. List the prime factors of u.
71
Let b(f